{"id":167,"date":"2024-03-02T12:26:14","date_gmt":"2024-03-02T11:26:14","guid":{"rendered":"https:\/\/escuelavirtual-agentescomerciales.turboformacion.eu\/?page_id=167"},"modified":"2025-02-16T21:41:09","modified_gmt":"2025-02-16T20:41:09","slug":"herramientasdeapoyoventas","status":"publish","type":"page","link":"https:\/\/escuelavirtual-agentescomerciales.turboformacion.eu\/index.php\/herramientasdeapoyoventas\/","title":{"rendered":"Herramienta de apoyo a la comercializaci\u00f3n y ventas"},"content":{"rendered":"\r\n\r\n\r\n<p><strong>Descripci\u00f3n<\/strong>: El curso \u00abHerramientas de apoyo a la comercializaci\u00f3n y ventas\u00bb ofrece una exhaustiva exploraci\u00f3n de las tecnolog\u00edas y plataformas dise\u00f1adas para potenciar las estrategias de venta en el entorno comercial actual. Con un enfoque pr\u00e1ctico y orientado a resultados, este curso de vanguardia proporciona a los participantes las habilidades necesarias para aprovechar al m\u00e1ximo una amplia gama de herramientas de apoyo a las ventas.<\/p>\r\n<p>Desde la optimizaci\u00f3n de las ventas hasta la retenci\u00f3n de clientes, el temario del curso abarca todos los aspectos clave del proceso de ventas moderno. Comenzando con estrategias para aumentar las ventas mediante herramientas especializadas, los participantes aprender\u00e1n a implementar y gestionar eficazmente sistemas de Gesti\u00f3n de Relaciones con los Clientes (CRM) como Salesforce, HubSpot CRM, y Zoho CRM.<\/p>\r\n<p>Adem\u00e1s, se explorar\u00e1n herramientas esenciales como los Sistemas de Marcaci\u00f3n Autom\u00e1tica, Herramientas de Gesti\u00f3n de Correo Electr\u00f3nico, y Herramientas de An\u00e1lisis y Seguimiento de Correos Electr\u00f3nicos para mejorar la eficiencia y la comunicaci\u00f3n con los clientes potenciales.<\/p>\r\n<p>El curso tambi\u00e9n aborda la importancia de la organizaci\u00f3n y la gesti\u00f3n de contactos, agendas y documentos a trav\u00e9s de herramientas como Google Contacts, DocuSign, y HelloSign. Los participantes aprender\u00e1n a aprovechar las ventajas de las herramientas de videoconferencia y comunicaci\u00f3n, as\u00ed como de las herramientas de anal\u00edtica y reporting como Google Analytics y Power BI para tomar decisiones informadas y estrat\u00e9gicas.<\/p>\r\n<p>Adem\u00e1s, se explorar\u00e1n herramientas de automatizaci\u00f3n de flujo de trabajo, gesti\u00f3n de proyectos, entrenamiento y desarrollo de ventas, gesti\u00f3n de eventos virtuales, prospectiva y an\u00e1lisis de datos, an\u00e1lisis de voz del cliente, an\u00e1lisis de competencia de precios, gesti\u00f3n de contratos, an\u00e1lisis de retenci\u00f3n de clientes, y gesti\u00f3n de llamadas y telefon\u00eda.<\/p>\r\n<p>Con instrucci\u00f3n experta y estudios de caso pr\u00e1cticos, este curso capacita a los profesionales de ventas para dominar las herramientas m\u00e1s avanzadas y eficaces disponibles en el mercado, impulsando as\u00ed el \u00e9xito y el crecimiento en sus actividades comerciales.<\/p>\r\n<p><strong>Duraci\u00f3n<\/strong>: 30 Horas<\/p>\r\n<p><strong>Temario<\/strong>:<\/p>\r\n<ol>\r\n<li><strong>Como aumentar las ventas con herramientas de apoyo a las ventas.<\/strong><\/li>\r\n<li><strong>Sistemas de Gesti\u00f3n de Relaciones con los Clientes (CRM)<\/strong><strong>: <\/strong>incluyen Salesforce, HubSpot CRM, Zoho CRM, Pipedrive, Microsoft Dynamics 365, Insightly, SugarCRM, Freshsales, Capsule CRM<\/li>\r\n<li><strong>Sistemas de Marcaci\u00f3n Autom\u00e1tica<\/strong><strong>: <\/strong>Dialpad, Five9 y Aircall.<\/li>\r\n<li><strong>Herramientas de Gesti\u00f3n de Llamadas y Telefon\u00eda<\/strong>: RingCentral, Talkdesk, Five9, Nextiva<\/li>\r\n<li><strong>Herramientas de Gesti\u00f3n de Correo Electr\u00f3nico<\/strong><strong>: <\/strong><\/li>\r\n<li><strong>Herramientas de An\u00e1lisis y Seguimiento de Correos Electr\u00f3nicos<\/strong>: Yesware, Boomerang, Mixmax, Mailtrack, ToutApp<\/li>\r\n<li><strong>Herramientas <\/strong><strong>de Gesti\u00f3n de Contactos y Agenda<\/strong>: Google Contacts, Cloze, FullContact, Nimble, Copper (anteriormente ProsperWorks)<\/li>\r\n<li><strong>Herramientas de Gesti\u00f3n de Documentos y Firmas Electr\u00f3nicas<\/strong>: DocuSign, Adobe Sign, HelloSign, PandaDoc, SignNow<\/li>\r\n<li><strong>Herramientas de Videoconferencia<\/strong> y Comunicaci\u00f3n<strong>: <\/strong>incluyen Zoom, Microsoft Teams y Google Meet, Skype for Business, GoToMeeting<\/li>\r\n<li><strong>Herramientas de Anal\u00edtica y Reporting<\/strong><strong>: <\/strong>Google Analytics, Tableau y Power BI.<\/li>\r\n<li><strong>Herramientas de Automatizaci\u00f3n de Flujo de Trabajo<\/strong>: Ejemplos incluyen Zapier, Automate.io y Workato.<\/li>\r\n<li><strong>Herramientas de Gesti\u00f3n de Proyectos y Tareas<\/strong>: Ejemplos incluyen Trello, Asana, Monday.com, Basecamp, Teamwork. Wrike<\/li>\r\n<li><strong>Herramientas de Entrenamiento y Desarrollo de Ventas<\/strong>: Ejemplos incluyen MindTickle, SalesHood, Lessonly, Allego, Brainshark<\/li>\r\n<li><strong>Herramientas de Gesti\u00f3n de Eventos Virtuales<\/strong>: Remo, Hopin, Zoom Events, Attendify, Eventbrite<\/li>\r\n<li><strong>Herramientas de Prospectiva y An\u00e1lisis de Datos<\/strong>: Clearbit, DiscoverOrg, InsideView, ZoomInfo, Crunchbase<\/li>\r\n<li><strong>Herramientas de An\u00e1lisis de Datos de Ventas<\/strong>: InsightSquared, Domo, Clari, Sisense, Funnel<\/li>\r\n<li><strong>Herramientas de An\u00e1lisis de Voz del Cliente (VoC)<\/strong>: Medallia, Qualtrics, Clarabridge, Usabilla, SurveyMonkey<\/li>\r\n<li><strong>Herramientas de An\u00e1lisis de Competencia de Precios<\/strong>: Price2Spy, Prisync, Competera, Omnia Dynamic Pricing, Wiser<\/li>\r\n<li><strong>Herramientas de Gesti\u00f3n de Contratos<\/strong>: ContractSafe, Concord, ContractWorks, Icertis, Agiloft<\/li>\r\n<li><strong>Herramientas de An\u00e1lisis de Retenci\u00f3n de Clientes<\/strong>: ChurnZero, Gainsight, Totango, ClientSuccess, Custify.<\/li>\r\n<\/ol>\r\n<p>EXAMEN FINAL<\/p>\r\n<div class=\"wp-block-group alignwide\">\u00a0<\/div>\r\n","protected":false},"excerpt":{"rendered":"<p>Descripci\u00f3n: El curso \u00abHerramientas de apoyo a la comercializaci\u00f3n y ventas\u00bb ofrece una exhaustiva exploraci\u00f3n de las tecnolog\u00edas y plataformas dise\u00f1adas para potenciar las estrategias de venta en el entorno comercial actual. Con un enfoque pr\u00e1ctico y orientado a resultados, este curso de vanguardia proporciona a los participantes las habilidades necesarias para aprovechar al m\u00e1ximo [&hellip;]<\/p>\n","protected":false},"author":1,"featured_media":0,"parent":0,"menu_order":0,"comment_status":"closed","ping_status":"closed","template":"","meta":{"footnotes":""},"_links":{"self":[{"href":"https:\/\/escuelavirtual-agentescomerciales.turboformacion.eu\/index.php\/wp-json\/wp\/v2\/pages\/167"}],"collection":[{"href":"https:\/\/escuelavirtual-agentescomerciales.turboformacion.eu\/index.php\/wp-json\/wp\/v2\/pages"}],"about":[{"href":"https:\/\/escuelavirtual-agentescomerciales.turboformacion.eu\/index.php\/wp-json\/wp\/v2\/types\/page"}],"author":[{"embeddable":true,"href":"https:\/\/escuelavirtual-agentescomerciales.turboformacion.eu\/index.php\/wp-json\/wp\/v2\/users\/1"}],"replies":[{"embeddable":true,"href":"https:\/\/escuelavirtual-agentescomerciales.turboformacion.eu\/index.php\/wp-json\/wp\/v2\/comments?post=167"}],"version-history":[{"count":3,"href":"https:\/\/escuelavirtual-agentescomerciales.turboformacion.eu\/index.php\/wp-json\/wp\/v2\/pages\/167\/revisions"}],"predecessor-version":[{"id":229,"href":"https:\/\/escuelavirtual-agentescomerciales.turboformacion.eu\/index.php\/wp-json\/wp\/v2\/pages\/167\/revisions\/229"}],"wp:attachment":[{"href":"https:\/\/escuelavirtual-agentescomerciales.turboformacion.eu\/index.php\/wp-json\/wp\/v2\/media?parent=167"}],"curies":[{"name":"wp","href":"https:\/\/api.w.org\/{rel}","templated":true}]}}